{"id":58,"date":"2025-11-23T07:02:18","date_gmt":"2025-11-23T07:02:18","guid":{"rendered":"http:\/\/www.sercanpalavan.com\/?page_id=58"},"modified":"2026-02-16T16:38:49","modified_gmt":"2026-02-16T16:38:49","slug":"publications","status":"publish","type":"page","link":"https:\/\/www.sercanpalavan.com\/?page_id=58","title":{"rendered":"Publications"},"content":{"rendered":"\n<p><strong>Peer-Reviewed Journal Articles \/ Hakemli Makaleler<\/strong><\/p>\n\n\n\n<p><strong>August 2022<br><\/strong>\u201cTwo Models in Contemporary Theories of Causation: The New Humean View and the New Aristotelian View (\u00c7a\u011fda\u015f Nedensellik Anlay\u0131\u015f\u0131nda \u0130ki Model: Yeni Humecu G\u00f6r\u00fc\u015f ve Yeni Aristotelesci G\u00f6r\u00fc\u015f).\u201d<br>Liberal D\u00fc\u015f\u00fcnce Dergisi (September 2022), Ankara.<br>DOI: 10.36484\/liberal.1135521<br>Note: <a href=\"https:\/\/dergipark.org.tr\/tr\/pub\/flsf\/issue\/88600\/1558858\" data-type=\"link\" data-id=\"https:\/\/dergipark.org.tr\/tr\/pub\/flsf\/issue\/88600\/1558858\" target=\"_blank\" rel=\"noreferrer noopener\">Please click here for link.<\/a><\/p>\n\n\n\n<p><strong>December 2024<br><\/strong>\u201cThe Role of Laws in Understanding Nature: Regularity or Necessity? (Do\u011fa Kavray\u0131\u015f\u0131nda Yasalar\u0131n Rol\u00fc: D\u00fczenlilik Mi Zorunluluk Mu?).\u201d<br>FLSF: Journal of Philosophy and Social Sciences (December 2024 \/ Aral\u0131k 2024), Ankara.<br>DOI: 10.53844\/flsf.1539159<br>Note: <a href=\"https:\/\/dergipark.org.tr\/tr\/pub\/liberal\/issue\/73617\/1135521\" data-type=\"link\" data-id=\"https:\/\/dergipark.org.tr\/tr\/pub\/liberal\/issue\/73617\/1135521\" target=\"_blank\" rel=\"noreferrer noopener\">Please click here for link.<\/a><\/p>\n\n\n\n<p><strong>Authored Books \/ Telif Kitaplar<\/strong><\/p>\n\n\n\n<p><strong>February 2020<br><\/strong>Ibn al-Haytham (\u0130bn El-Heysem).<br>Muhayyel Publishing, Istanbul. (Co-authored with Yavuz Unat)<br>Note: <a href=\"https:\/\/unis.kastamonu.edu.tr\/yayin-detay\/2_CJOsCZG_63\/ibn-el-heysem\" data-type=\"link\" data-id=\"https:\/\/unis.kastamonu.edu.tr\/yayin-detay\/2_CJOsCZG_63\/ibn-el-heysem\" target=\"_blank\" rel=\"noreferrer noopener\">Please click here for link.<\/a><\/p>\n\n\n\n<p><strong>December 2022<br><\/strong>Nasir al-Din al-Tusi (Nasiruddin-i Tusi).<br>Muhayyel Publishing, Istanbul. (Co-authored with Yavuz Unat)<br>Note: <a href=\"https:\/\/unis.kastamonu.edu.tr\/yayin-detay\/2_CJOsCJ0_24\/nasiruddin-i-tusi\" data-type=\"link\" data-id=\"https:\/\/unis.kastamonu.edu.tr\/yayin-detay\/2_CJOsCJ0_24\/nasiruddin-i-tusi\" target=\"_blank\" rel=\"noreferrer noopener\">Please click here for link.<\/a><\/p>\n\n\n\n<p><strong>February 2027 (forthcoming \/ yay\u0131mlanacak)<br><\/strong>Copernicus (Kopernik).<br>Muhayyel Publishing, Istanbul. (Co-authored with Yavuz Unat)<br>Note: Please click here for link.<\/p>\n\n\n\n<p><strong>Popular Science Articles (National) \/ Ulusal Pop\u00fcler Makaleler<\/strong><\/p>\n\n\n\n<p><strong>February 2020<br><\/strong>\u201cThe Role of God in Our Understanding of Nature: The Case of al-Ghazali (Do\u011fa Kavray\u0131\u015f\u0131m\u0131zda Tanr\u0131\u2019n\u0131n Rol\u00fc: Gazali \u00d6rne\u011fi).\u201d<br>Bilim ve \u00dctopya, Vol. 308, pp. 51\u201355.<br>Note:<a href=\"https:\/\/e-dergi.bilimveutopya.com.tr\/e-dergi?field_derginin_ciktigi_yil_target_id=1340\" data-type=\"link\" data-id=\"https:\/\/e-dergi.bilimveutopya.com.tr\/e-dergi?field_derginin_ciktigi_yil_target_id=1340\" target=\"_blank\" rel=\"noreferrer noopener\"> Please click here for link.<\/a><\/p>\n\n\n\n<p><strong>October 2020<br><\/strong>\u201cThe Importance of Causation in the Context of Aristotle (Aristoteles Ba\u011flam\u0131nda Nedenselli\u011fin \u00d6nemi).\u201d<br>Bilim ve \u00dctopya, Vol. 316, pp. 53\u201357.<br>Note: <a href=\"https:\/\/e-dergi.bilimveutopya.com.tr\/e-dergi?field_derginin_ciktigi_yil_target_id=1340\" data-type=\"link\" data-id=\"https:\/\/e-dergi.bilimveutopya.com.tr\/e-dergi?field_derginin_ciktigi_yil_target_id=1340\" target=\"_blank\" rel=\"noreferrer noopener\">Please click here for link.<\/a><\/p>\n\n\n\n<p><strong>May 2024<br><\/strong>\u201cContemporary Approaches to Causation (\u00c7a\u011fda\u015f Nedensellik Yakla\u015f\u0131mlar\u0131).\u201d<br>Astronom Journal, Issue 3, ISSN: 2980-2164, pp. 15\u201317.<br>Note: Please click here for link.<\/p>\n\n\n\n<p><strong>Book Chapters (International &amp; National) \/ Uluslararas\u0131 ve Ulusal Kitap B\u00f6l\u00fcmleri<\/strong><\/p>\n\n\n\n<p><strong>May 2022<br><\/strong>\u201cThe Grounding Problem in Causal Analysis (Nedensellik Analizinde Zemin Problemi).\u201d<br>In: International Research in Social, Human and Administrative Sciences, ed. Aysel \u00d6zt\u00fcrk\u00e7\u00fc Ak\u00e7ay, pp. 53\u201369, E\u011fitim Yay\u0131nevi.<br>Note: <a href=\"https:\/\/www.egitimyayinevi.com\/u\/egitimyayinevi\/docs\/y\/o\/yoksis-9786258108750-ekitap-sosyal-beseri-ve-idari-bilimler-iii-icerik-dosyasi-1655769716.pdf\" data-type=\"link\" data-id=\"https:\/\/www.egitimyayinevi.com\/u\/egitimyayinevi\/docs\/y\/o\/yoksis-9786258108750-ekitap-sosyal-beseri-ve-idari-bilimler-iii-icerik-dosyasi-1655769716.pdf\" target=\"_blank\" rel=\"noreferrer noopener\">Please click here for link.<\/a><\/p>\n\n\n\n<p><strong>July 2022<br><\/strong>\u201cThe Journey of the Distinction Between Primary and Secondary Qualities: John Locke, George Berkeley, and David Hume (Nitelikler Aras\u0131nda Yap\u0131lan Ayr\u0131m\u0131n Ser\u00fcveni: John Locke, George Berkeley ve David Hume).\u201d<br>In: Academic Studies in Social, Human and Administrative Sciences \u2013 II, ed. Ay\u015fen Eti Sina, pp. 83\u2013105, Artikel Akademi.<br>Note: <a href=\"https:\/\/artikelakademi.com\/media\/books\/82.pdf\" data-type=\"link\" data-id=\"https:\/\/artikelakademi.com\/media\/books\/82.pdf\" target=\"_blank\" rel=\"noreferrer noopener\">Please click here for link.<\/a><\/p>\n\n\n\n<p><strong>June 2024<br><\/strong>\u201cKuhn from a Contemporary Perspective: Realist or Anti-Realist (G\u00fcn\u00fcm\u00fcz Perspektifinden Kuhn: Realist Mi Anti-Realist Mi?).\u201d<br>In: Thomas S. Kuhn: Sixty Years After The Structure of Scientific Revolutions, eds. \u00d6mer Faik Anl\u0131, \u00d6mer Fatih Tekin, Sercan Palavan, Nika Publishing.<br>Note: <a href=\"https:\/\/nikayayinevi.com.tr\/productinfo.php?pids=564&amp;padi=thomas-s-kuhn\" data-type=\"link\" data-id=\"https:\/\/nikayayinevi.com.tr\/productinfo.php?pids=564&amp;padi=thomas-s-kuhn\" target=\"_blank\" rel=\"noreferrer noopener\">Please click here for link.<\/a><\/p>\n\n\n\n<p><strong>September 2025 <\/strong><br>\u201cFrom Causal Relations to Laws of Nature: A Contemporary Overview (Nedensellik \u0130li\u015fkisinden Do\u011fa Yasalar\u0131na: G\u00fcncel Bir Bak\u0131\u015f).\u201d<br>In: Contemporary Philosophy of Science Series, ed. \u00d6mer Fatih Tekin, Doruk Publishing.<br>Note: <a href=\"https:\/\/www.dorukyayinlari.com\/kitap\/bilim-metafizigi-cbf\" data-type=\"link\" data-id=\"https:\/\/www.dorukyayinlari.com\/kitap\/bilim-metafizigi-cbf\" target=\"_blank\" rel=\"noreferrer noopener\">Please click here for link.<\/a><\/p>\n\n\n\n<p><strong>February 2026 (forthcoming \/ yay\u0131mlanacak)<br><\/strong>\u201cEntity Realism from a Critical Perspective (Ele\u015ftirel Bir Perspektiften Entite Realizmi).\u201d<br>In: Contemporary Philosophy of Science Series, ed. \u0130brahim Bah\u00e7i, Doruk Publishing.<br>Note: Please click here for link.<\/p>\n\n\n\n<p><strong>Translated Books \/ Kitap \u00c7evirileri<\/strong><\/p>\n\n\n\n<p><strong>May 2024<br><\/strong>Stathis Psillos, Causation and Explanation (2002).<br>Translated into Turkish as Nedensellik ve A\u00e7\u0131klama, with \u00d6mer Fatih Tekin, Muhayyel Publishing.<br>Note: <a href=\"https:\/\/www.nobelyayin.com\/nedensellik-ve-aciklama-causation-and-explanation-21111.html\" data-type=\"link\" data-id=\"https:\/\/www.nobelyayin.com\/nedensellik-ve-aciklama-causation-and-explanation-21111.html\" target=\"_blank\" rel=\"noreferrer noopener\">Please click here for link.<\/a><\/p>\n\n\n\n<p><strong>Translated Book Chapters \/ Kitap B\u00f6l\u00fcm\u00fc \u00c7evirileri<\/strong><\/p>\n\n\n\n<p><strong>March 2020<br><\/strong>\u201cMethods in the History of Science (Bilim Tarihi Ara\u015ft\u0131rmalar\u0131nda Y\u00f6ntem),\u201d George Sarton.<br>In: Bilim Tarihi Ara\u015ft\u0131rmalar\u0131nda Y\u00f6ntem, Expanded Edition 2, Muhayyel Publishing, pp. 25\u201346.<br>Note: <a href=\"https:\/\/unis.kastamonu.edu.tr\/yayin-detay\/2_CJOsCZC_59\/bilim-tarihi-arastirmalarinda-yontem\" data-type=\"link\" data-id=\"https:\/\/unis.kastamonu.edu.tr\/yayin-detay\/2_CJOsCZC_59\/bilim-tarihi-arastirmalarinda-yontem\" target=\"_blank\" rel=\"noreferrer noopener\">Please click here for link.<\/a><\/p>\n\n\n\n<p><strong>March 2020<br><\/strong>\u201cMethods in the History of Science (Bilim Tarihi Ara\u015ft\u0131rmalar\u0131nda Y\u00f6ntem),\u201d George Sarton.<br>In: Bilim Tarihi Ara\u015ft\u0131rmalar\u0131nda Y\u00f6ntem, Expanded Edition 2, Muhayyel Publishing, pp. 64\u2013102.<br>Note: <a href=\"https:\/\/unis.kastamonu.edu.tr\/yayin-detay\/2_CJOsCZC_59\/bilim-tarihi-arastirmalarinda-yontem\" data-type=\"link\" data-id=\"https:\/\/unis.kastamonu.edu.tr\/yayin-detay\/2_CJOsCZC_59\/bilim-tarihi-arastirmalarinda-yontem\" target=\"_blank\" rel=\"noreferrer noopener\">Please click here for link.<\/a><\/p>\n\n\n\n<p><\/p>\n","protected":false},"excerpt":{"rendered":"<p>Peer-Reviewed Journal Articles \/ Hakemli Makaleler August 2022\u201cTwo Models in Contemporary Theories of Causation: The New Humean View and the New Aristotelian View (\u00c7a\u011fda\u015f Nedensellik Anlay\u0131\u015f\u0131nda \u0130ki Model: Yeni Humecu G\u00f6r\u00fc\u015f ve Yeni Aristotelesci G\u00f6r\u00fc\u015f).\u201dLiberal D\u00fc\u015f\u00fcnce Dergisi (September 2022), Ankara.DOI: 10.36484\/liberal.1135521Note: Please click here for link. December 2024\u201cThe Role of Laws in Understanding Nature: Regularity [&hellip;]<\/p>\n","protected":false},"author":1,"featured_media":0,"parent":0,"menu_order":0,"comment_status":"closed","ping_status":"closed","template":"","meta":{"footnotes":""},"class_list":["post-58","page","type-page","status-publish","hentry"],"_links":{"self":[{"href":"https:\/\/www.sercanpalavan.com\/index.php?rest_route=\/wp\/v2\/pages\/58","targetHints":{"allow":["GET"]}}],"collection":[{"href":"https:\/\/www.sercanpalavan.com\/index.php?rest_route=\/wp\/v2\/pages"}],"about":[{"href":"https:\/\/www.sercanpalavan.com\/index.php?rest_route=\/wp\/v2\/types\/page"}],"author":[{"embeddable":true,"href":"https:\/\/www.sercanpalavan.com\/index.php?rest_route=\/wp\/v2\/users\/1"}],"replies":[{"embeddable":true,"href":"https:\/\/www.sercanpalavan.com\/index.php?rest_route=%2Fwp%2Fv2%2Fcomments&post=58"}],"version-history":[{"count":6,"href":"https:\/\/www.sercanpalavan.com\/index.php?rest_route=\/wp\/v2\/pages\/58\/revisions"}],"predecessor-version":[{"id":170,"href":"https:\/\/www.sercanpalavan.com\/index.php?rest_route=\/wp\/v2\/pages\/58\/revisions\/170"}],"wp:attachment":[{"href":"https:\/\/www.sercanpalavan.com\/index.php?rest_route=%2Fwp%2Fv2%2Fmedia&parent=58"}],"curies":[{"name":"wp","href":"https:\/\/api.w.org\/{rel}","templated":true}]}}